Is j(y) a prime number?
False
Suppose -3*x + 18*x - 45 = 0. Suppose x*i = 1763 - 200. Is i prime?
True
Let u = 20725 - -12138. Is u a composite number?
True
Let b(m) = 2*m + 9. Let p be b(-5). Let d(x) = -114*x**3 - x**2 - 3*x - 1. Is d(p) composite?
True
Let w(c) = 21*c + 8. Let n(o) = 43*o + 17. Let u(j) = -3*n(j) + 5*w(j). Let p be u(5). Let z = 184 + p. Is z prime?
True
Suppose -3*r + 990 = -360. Suppose 210 = 5*i - r. Is 3/9 + i/9 a prime number?
False
Let g(s) = 195*s**2 - s + 1. Let z be g(1). Is 5/(3/z*5) a composite number?
True
Suppose -k + 14079 = -f, -k + 4*f - 1843 = -15928. Is k a composite number?
True
Let a(u) = -339*u**2 + 50*u - 15. Let p(v) = -226*v**2 + 33*v - 10. Let n(s) = 5*a(s) - 8*p(s). Is n(6) composite?
False
Let u(h) = 1244*h + 11. Let c be u(4). Let b = c + 330. Is b composite?
True
Suppose -46*q = -37*q - 22527. Is q prime?
True
Suppose -11*i - 7 = 4. Let j(z) = 2239*z**2 - z - 3. Is j(i) a composite number?
False
Let s = 69600 - 45787. Is s prime?
True
Let z(o) = -o - 9. Let g be (5 - 0)*(-5 + 4). Let t be z(g). Is (-3)/t + (-529)/(-4) composite?
True
Let a = 891 - 576. Let l = a + -224. Is l a composite number?
True
Suppose -3*s + 16 = 4*a, -2*a = -a + 5*s - 21. Suppose -14 - a = 3*o. Let q(z) = -5*z**3 - 4*z**2 - 5*z + 1. Is q(o) composite?
True
Is (0 + -3 - (1 - 3))*-3607 a prime number?
True
Let k be (-3)/4 - (-1989)/12. Suppose -5*t + k + 10 = 0. Is t composite?
True
Let g(w) = 2822*w - 2. Let p be g(1). Let a = p + -1961. Is a a composite number?
False
Let u(x) = -4*x**3 + 2*x**2 + 5*x + 2. Let s be 1/(-3) + 44/(-3). Let f = s + 12. Is u(f) a prime number?
True
Let u = 589 + -78. Suppose 9*y - 1370 - u = 0. Is y a prime number?
False
Suppose -3*l + 4971 = 3*o, -3291 - 1690 = -3*l - 5*o. Suppose 5*h = y + l, -4*y = -0*y - 12. Is h prime?
True
Is 2122*2 + -2 + -1 a prime number?
True
Suppose 4*k + 17 = -4*s - 291, 2*k + 159 = -3*s. Let o = 521 - k. Is o prime?
True
Suppose 0 = 2*z + 2*u - 35 + 103, -3*z + u - 106 = 0. Let i = -37 - z. Is ((-1358)/(-4))/(i/(-4)) a prime number?
False
Suppose z - 5 = c - z, -5 = c - 4*z. Is ((-13)/2)/(c/10) prime?
True
Let q = -12 - 116. Let h = 207 + q. Is h prime?
True
Suppose 0 = k - 1536 - 1063. Suppose 963 = -4*s + k. Is s composite?
False
Suppose 0 = -2*w - s + 2329 + 3160, -2*s + 5492 = 2*w. Is w composite?
True
Let p = 6242 - 2865. Suppose -16*z + p = -3039. Is z a prime number?
True
Suppose 4*s - 63132 = -4*u, -2*u - u + s = -47357. Suppose -3*y = -g - u, -y + 2*g = -2344 - 2921. Is y prime?
True
Suppose 140 = -2*r + 6*r. Let l = r - -22. Is l composite?
True
Suppose 0 = -3*w + 30095 - 4172. Is w composite?
False
Let y = 91 - 86. Suppose 0 = 5*r, u + 1233 = -y*r + 3554. Is u a composite number?
True
Let b = -73 + 116. Suppose -4*g - b = -3639. Is g a composite number?
True
Let g be (-12)/(-5) - ((-165)/25 + 7). Is g/(-6)*(-2721)/1 a composite number?
False
Suppose -11 = 5*r - 41. Suppose r*v - 2*v - 644 = 0. Is v composite?
True
Suppose 3*w - 7*w + 1324 = 0. Let i = w - 600. Is i/(-3) + (-14)/21 a prime number?
True
Is -9 + 8 - 8162*(-20)/5 prime?
True
Let u(t) = 750*t**3 - 6*t**2 + 3*t + 5. Let y(v) = -750*v**3 + 7*v**2 - 4*v - 6. Let j(h) = -4*u(h) - 3*y(h). Is j(-1) a prime number?
True
Let j be (1*-2867)/(5/(-5)). Suppose 10*m - j = -127. Is m composite?
True
Suppose w = 3, 3*o = o + 4*w + 628. Suppose o = -c + 5*c. Is (3 - -1) + (c - 1) a prime number?
True
Suppose -4*p = -3*l - 27, 5*p - 10*p = 3*l. Suppose 2*v = 3*h - 997, v + 4 = 2. Suppose -40 = p*t - h. Is t a composite number?
False
Let f(j) = 21904*j**2 + 8*j + 3. Is f(-2) a prime number?
False
Let m(o) be the second derivative of 117*o**5/20 - o**4/12 + o**3/6 + 4*o. Let i be m(1). Suppose 2*q - 3*l = i, 3*l + 9 = -6. Is q a composite number?
True
Let b(i) = 12*i**2 - 15*i + 7. Let v be b(-11). Let u(f) = 564*f + 1. Let x be u(-2). Let p = v + x. Is p composite?
True
Suppose -4*i + 2109 + 3487 = 0. Is i a composite number?
False
Suppose 0 = v - 774 - 407. Suppose 235 = 2*p - p + 2*h, -v = -5*p - 4*h. Is p composite?
True
Let t(l) = 3*l - 8. Let a be t(5). Suppose a*o - 8*o + 397 = 0. Is o a composite number?
False
Suppose 5*m - 2*l - 15 = 3*l, l = 5*m - 19. Suppose 16 = -m*p, -2*p + 424 = 4*d + 3*p. Is d a prime number?
False
Let k(q) = -q**2 + q. Let f(v) = -825*v**2 - 3*v - 2. Let b(i) = -f(i) - 4*k(i). Let o be b(3). Is 3/(-9) - o/(-15) composite?
True
Suppose 4*u - 71617 = -3*l, -15*u + 4*l - 71616 = -19*u. Is u a prime number?
False
Let w be 5/(-2)*(3 + -5). Suppose 15 = 3*y, -q - w*y + 365 = -625. Is q a composite number?
True
Suppose h - 33722 = -3*g, 0 = 3*g - 5*h + 2*h - 33702. Is g a composite number?
False
Is 9/(-6) + 10571/22 composite?
False
Let m(o) = 45*o**3 + 1. Let i be 40/35 - 2/14. Let p be m(i). Suppose d = 4*k - 19 - 23, 0 = -4*k - d + p. Is k a composite number?
False
Let d(u) = 3451*u + 341. Is d(2) composite?
False
Let j be (-2 + -1 + 2)*2. Let q be 3/(j + 2 + -1). Is (-275)/q + (-8)/12 a composite number?
True
Let w = 6548 - 3129. Is w a prime number?
False
Suppose 5*p - 11756 = 22739. Is p composite?
False
Suppose 3*k + 57 - 123 = 0. Let a(c) = 2*c**2 - 22*c + 21. Is a(k) a prime number?
False
Let x(r) = r - 3. Let k be x(-3). Let u be (-18488)/(-44) - k/(-33). Let h = u - 169. Is h a composite number?
False
Let d(w) = 99*w**2 + 10*w - 35. Is d(6) a prime number?
False
Suppose 0 = -5*x - 174 - 551. Let o = x + 514. Let t = -242 + o. Is t prime?
True
Suppose 16 = 20*w - 21*w. Is (-27076)/w + 12/16 a prime number?
True
Let t be (-4 - -2 - 1)*11. Let y = t - -36. Suppose -q + 2*v + 3*v = -317, -911 = -y*q - 5*v. Is q a prime number?
True
Let h = 2888 + 275. Is h a composite number?
False
Suppose 0 = -z - 5*s + 5518, -11024 = -2*z + 65*s - 63*s. Is z composite?
True
Is ((-7628)/(-10))/(48/840) composite?
True
Let z = -26 + 16. Is (-50)/4*z - 4 prime?
False
Suppose -23105 = -11*y + 2426. Is y a prime number?
False
Suppose 5*t - 232828 = -3*f, 293*f = 288*f + 2*t + 388057. Is f composite?
False
Let q(u) = 3*u + 18. Let t be q(-5). Suppose 4*s - 217 = -0*s - 3*j, 0 = 5*s + 4*j - 272. Suppose 5*g - s = t*g. Is g a composite number?
True
Let q be 0/((8/(-20))/((-2)/5)). Suppose -496 + 2718 = 3*t + f, -4*t + 3*f + 2941 = q. Is t composite?
False
Let w be (2/(-4))/(2/(-386*2)). Let o = 378 - w. Is o a composite number?
True
Let x(q) = q + 14. Let s be x(12). Suppose 14 = -4*l - s. Is 5/l*-4 - -375 a prime number?
False
Suppose 0*b - 9*b = -405. Is 51246/b - 2/(-10) a prime number?
False
Suppose -3*k - 468 = 540. Let w(n) = -n**2 + 22*n + 19. Let s be w(-14). Let r = k - s. Is r a prime number?
True
Suppose -y - 24 = -4*y. Let d(k) = 14*k - 18. Is d(y) a prime number?
False
Let j be ((-278)/(-10) - (-1)/5)/(-1). Is (-4)/8*7/(j/39896) prime?
True
Let q(y) = y**3 + 8*y**2 - 10*y - 1. Let g be q(-9). Suppose 2 = 2*o - g. Suppose o*p + 432 = 4*c, c - 52 - 47 = -p. Is c prime?
True
Suppose -2062 = -n + 2095. Suppose 4*a = 3*w - n, 5*a - 6060 = -5*w + 845. Is w composite?
True
Suppose 4*s = 5*w - 10029, -4*s + 2*s - 8022 = -4*w. Is w composite?
True
Let w = -5184 + 8477. Is w a composite number?
True
Suppose -3*p + 3136 = 4*t, -t - 3*p = t - 1562. Is t a composite number?
False
Let k(j) = -192*j + 8. Let y be k(2). Let r = y + 893. Is r a composite number?
True
Let s(o) = 34*o**2 + 132*o + 145. Is s(-43) prime?
False
Suppose -29*o + 27*o = -100. Let i = 77 + o. Is i prime?
True
Let d = 24 + 1687. Is d a composite number?
True
Let q(w) = 24*w - 5. Let p be q(-11). Let c be ((-192)/(-28))/(2/112). Let j = p + c. Is j a prime number?
False
Let a = -5 - -8. Suppose a = 3*i - 3. Suppose i*p = -3*p + 635. Is p a composite number?
False
Let m = 3652 - 1323. Is m composite?
True
Let f(k) = -13*k - k - 2 - 14*k - 53*k. Is f(-11) composite?
True
Let q(x) = 478*x + 55. Is q(6) a prime number?
False
Suppose -q = -6*q + 90. Let k be ((-4)/(-6))/(2/q). Suppose -28 = -k*f + 2*f. Is f a composite number?
False
Let b(c) = -15*c + 6. Let i be b(2). Let r = i + 57. Is r a composite number?
True
Let c(m) = -4 - 6 - 2 - 67*m + 5. Is c(-2) composite?
False
Let l be (-19)/2 - 1/(-2). Let r(g) = -g**2 - 10*g - 4. Let i be r(l). Suppose 0 = -i*k + 5*j + 1070, 5*k + 2*j - 1058 = 3*j. Is k a composite number?
False
Let 